mon factor of 117 and 663.
39
Calculate the highest common divisor of 30 and 498.
6
Calculate the highest common divisor of 255 and 33.
3
What is the greatest common factor of 3537 and 9?
9
What is the highest common divisor of 82328 and 41?
41
Calculate the greatest common divisor of 1551 and 33.
33
What is the highest common factor of 55 and 1529?
11
What is the greatest common factor of 110 and 430?
10
What is the highest common factor of 8780 and 20?
20
Calculate the greatest common divisor of 4489 and 201.
67
What is the highest common factor of 16 and 4496?
16
What is the greatest common divisor of 24 and 8?
8
What is the highest common factor of 9 and 2547?
9
Calculate the highest common divisor of 4780 and 130.
10
What is the greatest common divisor of 656 and 1136?
16
Calculate the greatest common divisor of 104 and 1336.
8
Calculate the highest common factor of 7372 and 608.
76
What is the greatest common factor of 342 and 1862?
38
What is the highest common factor of 19 and 171?
19
What is the greatest common factor of 606 and 6?
6
What is the greatest common divisor of 40 and 3140?
20
What is the highest common divisor of 144 and 37872?
144
What is the highest common divisor of 21 and 114786?
21
What is the greatest common factor of 190545 and 15?
15
What is the greatest common divisor of 966 and 42?
42
What is the greatest common factor of 3477 and 38?
19
Calculate the greatest common divisor of 611 and 26.
13
Calculate the highest common factor of 155 and 93.
31
Calculate the highest common factor of 4563 and 338.
169
What is the highest common divisor of 7 and 77?
7
Calculate the highest common factor of 2 and 189.
1
Calculate the greatest common factor of 36 and 1004.
4
Calculate the greatest common divisor of 451 and 44.
11
What is the greatest common divisor of 216 and 2646?
54
What is the greatest common divisor of 39 and 104?
13
What is the greatest common divisor of 650 and 52?
26
Calculate the greatest common factor of 26 and 10101.
13
What is the greatest common divisor of 140 and 160?
20
Calculate the greatest common factor of 56 and 42.
14
Calculate the greatest common divisor of 3021 and 228.
57
Calculate the highest common divisor of 1012 and 6716.
92
Calculate the highest common divisor of 16 and 2704.
16
What is the highest common factor of 125 and 100?
25
Calculate the highest common factor of 6 and 210.
6
Calculate the highest common divisor of 72 and 66.
6
Calculate the greatest common factor of 45 and 120.
15
What is the greatest common factor of 48 and 88?
8
Calculate the greatest common factor of 1936 and 32.
16
What is the highest common divisor of 74 and 7?
1
Calculate the greatest common divisor of 58 and 29.
29
What is the highest common factor of 24 and 72?
24
What is the highest common divisor of 430 and 387?
43
Calculate the highest common divisor of 33 and 3597.
33
What is the greatest common divisor of 444 and 60?
12
What is the highest common factor of 819 and 63?
63
Calculate the greatest common divisor of 1079 and 498.
83
What is the highest common factor of 9 and 117?
9
What is the greatest common divisor of 4383 and 9?
9
Calculate the greatest common factor of 63 and 6489.
63
Calculate the greatest common divisor of 820 and 492.
164
What is the greatest common factor of 1653 and 57?
57
What is the highest common factor of 175 and 14945?
35
What is the highest common divisor of 2535 and 135?
15
What is the highest common factor of 649 and 944?
59
What is the highest common factor of 737 and 2613?
67
What is the highest common factor of 867 and 901?
17
What is the highest common divisor of 9 and 7542?
9
Calculate the greatest common divisor of 30 and 410.
10
What is the greatest common factor of 35 and 10115?
35
Calculate the greatest common divisor of 5709 and 132.
33
Calculate the highest common divisor of 1070 and 1498.
214
What is the greatest common factor of 748 and 66?
22
Calculate the highest common divisor of 564 and 11562.
282
Calculate the greatest common factor of 1166 and 106.
106
Calculate the greatest common divisor of 12 and 3.
3
What is the greatest common factor of 1240 and 80?
40
Calculate the greatest common factor of 3888 and 32.
16
What is the highest common divisor of 1393 and 7?
7
Calculate the highest common factor of 10443 and 177.
177
What is the highest common factor of 1435 and 5125?
205
Calculate the highest common factor of 28 and 742.
14
Calculate the greatest common factor of 53 and 318.
53
What is the highest common divisor of 170 and 350?
10
What is the highest common divisor of 189 and 2133?
27
What is the greatest common factor of 8371 and 11?
11
Calculate the highest common factor of 232 and 280.
8
Calculate the highest common factor of 31 and 589.
31
Calculate the highest common divisor of 4 and 148.
4
Calculate the greatest common divisor of 312 and 24.
24
What is the highest common factor of 402 and 737?
67
What is the greatest common divisor of 11039 and 166?
83
Calculate the highest common divisor of 1043 and 14.
7
Calculate the greatest common divisor of 612 and 36.
36
What is the highest common factor of 3 and 7?
1
What is the highest common divisor of 435 and 375?
15
Calculate the greatest common divisor of 20 and 388.
4
What is the highest common factor of 1557 and 865?
173
Calculate the highest common factor of 22092 and 14.
14
Calculate the highest common divisor of 56 and 2219.
7
What is the highest common divisor of 265 and 5?
5
What is the greatest common factor of 69538 and 14?
14
Calculate the greatest common divisor of 4188 and 12.
12
What is the greatest common divisor of 207 and 161?
23
What is the greatest common divisor of 2 and 71?
1
Calculate the greatest common factor of 7 and 840.
7
What is the greatest common divisor of 140 and 5620?
20
What is the greatest common divisor of 6804 and 84?
84
What is the highest common factor of 168 and 96?
24
Calculate the highest common divisor of 126 and 322.
14
Calculate the highest common factor of 11 and 156.
1
Calculate the highest common divisor of 66 and 374.
22
Calculate the greatest common factor of 20 and 1490.
10
What is the greatest common factor of 161 and 217?
7
What is the greatest common factor of 100 and 1680?
20
What is the greatest common divisor of 10 and 3?
1
Calculate the highest common divisor of 490 and 140.
70
What is the highest common divisor of 423 and 47?
47
Calculate the greatest common divisor of 13 and 3.
1
Calculate the greatest common divisor of 192 and 37824.
192
Calculate the highest common factor of 21 and 81.
3
What is the greatest common divisor of 64 and 10720?
32
What is the greatest common factor of 968 and 176?
88
What is the highest common factor of 500 and 20?
20
What is the greatest common divisor of 48 and 136?
8
What is the greatest common divisor of 32088 and 336?
168
Calculate the greatest common factor of 49 and 777.
7
Calculate the highest common factor of 5206 and 19.
19
What is the greatest common divisor of 2294 and 62?
62
Calculate the highest common divisor of 310 and 90.
10
What is the highest common factor of 54 and 8208?
54
What is the highest common divisor of 3057 and 3?
3
Calculate the greatest common divisor of 1032 and 120.
24
Calculate the highest common divisor of 352 and 143.
11
What is the highest common divisor of 30 and 2355?
15
Calculate the greatest common factor of 561 and 44.
11
What is the highest common divisor of 15 and 27885?
15
Calculate the highest common factor of 33000 and 88.
88
Calculate the highest common factor of 25 and 115.
5
Calculate the greatest common factor of 2346 and 23.
23
Calculate the highest common divisor of 8976 and 306.
102
Calculate the highest common factor of 121 and 55.
11
What is the greatest common factor of 22 and 1859?
11
What is the highest common divisor of 1632 and 51?
51
What is the highest common factor of 135 and 5?
5
What is the highest common factor of 194 and 1261?
97
What is the highest common divisor of 117 and 17901?
117
What is the greatest common factor of 4 and 58?
2
Calculate the highest common divisor of 285 and 19.
19
What is the greatest common factor of 216 and 1404?
108
What is the greatest common divisor of 156 and 52?
52
Calculate the highest common factor of 63 an